
Is 954763 a prime number?
True
Is 153817 prime?
True
Is 123397 a prime number?
True
Is 8849 composite?
False
Is 7997 a prime number?
False
Is 93967 composite?
False
Is 40191 a prime number?
False
Is 223 prime?
True
Is 111547 prime?
False
Is 2618061 a prime number?
False
Is 27571 prime?
False
Is 821 a prime number?
True
Is 179519 a composite number?
False
Is 16057 a composite number?
False
Is 152591 a composite number?
True
Is 6121 prime?
True
Is 17417 a prime number?
True
Is 5981 a prime number?
True
Is 51137 a composite number?
False
Is 27613 prime?
False
Is 1209851 a prime number?
False
Is 262423 a composite number?
True
Is 126121 composite?
True
Is 6310363 a prime number?
True
Is 372494 a composite number?
True
Is 27239 composite?
False
Is 20365 a composite number?
True
Is 33457 a composite number?
False
Is 3847 a composite number?
False
Is 1417391 composite?
True
Is 4327 a prime number?
True
Is 2777 prime?
True
Is 488101 a composite number?
True
Is 42611 a prime number?
True
Is 69467 a prime number?
True
Is 185 composite?
True
Is 37277 a prime number?
True
Is 76749 a composite number?
True
Is 17467 a prime number?
True
Is 959 a composite number?
True
Is 43691 a composite number?
False
Is 5077 a composite number?
False
Is 1369 a prime number?
False
Is 80329 a prime number?
True
Is 273503 prime?
True
Is 1274137 prime?
True
Is 177999 a composite number?
True
Is 1195 a prime number?
False
Is 2562991 a composite number?
True
Is 214013 a prime number?
False
Is 4717 a prime number?
False
Is 929941 a composite number?
False
Is 7817 prime?
True
Is 39859 a prime number?
False
Is 65983 a composite number?
False
Is 73417 a prime number?
True
Is 22693 prime?
False
Is 145013 a prime number?
False
Is 101579 prime?
False
Is 2839 a composite number?
True
Is 318595 a composite number?
True
Is 6503 prime?
False
Is 79855 a prime number?
False
Is 334289 a composite number?
False
Is 104527 composite?
False
Is 6709 a prime number?
True
Is 2435 a prime number?
False
Is 73237 prime?
True
Is 8069 a composite number?
False
Is 73799 a composite number?
True
Is 6439 a prime number?
False
Is 137827 composite?
False
Is 67997 a composite number?
True
Is 1438669 a prime number?
False
Is 58537 composite?
False
Is 8329 a prime number?
True
Is 5077 a prime number?
True
Is 88202 composite?
True
Is 200693 a composite number?
True
Is 6331 composite?
True
Is 257743 composite?
True
Is 6701 prime?
True
Is 6626 a composite number?
True
Is 949407 prime?
False
Is 1643 a prime number?
False
Is 269879 prime?
True
Is 66167 a prime number?
False
Is 40811 a prime number?
False
Is 22961 composite?
False
Is 170921 composite?
False
Is 13217 composite?
False
Is 143443 a prime number?
True
Is 12871 a composite number?
True
Is 6557 prime?
False
Is 9155 a composite number?
True
Is 59263 composite?
False
Is 35363 composite?
False
Is 52343 prime?
False
Is 317287 a prime number?
False
Is 155773 a composite number?
False
Is 2267653 a composite number?
False
Is 31367 composite?
True
Is 32473 composite?
True
Is 390395 composite?
True
Is 441787 a prime number?
True
Is 1399 prime?
True
Is 919327 a composite number?
True
Is 118529 a composite number?
False
Is 32521 prime?
False
Is 3293 a prime number?
False
Is 647701 prime?
False
Is 21883 a prime number?
False
Is 6559 a prime number?
False
Is 2152159 a composite number?
False
Is 392039 composite?
True
Is 244529 a prime number?
True
Is 20211 composite?
True
Is 24317 composite?
False
Is 1594103 a composite number?
True
Is 59863 composite?
False
Is 42179 a composite number?
False
Is 580867 prime?
False
Is 60589 prime?
True
Is 19277 a composite number?
True
Is 71563 a composite number?
False
Is 249113 prime?
False
Is 40249 a prime number?
False
Is 2953 a composite number?
False
Is 24197 a composite number?
False
Is 1651493 a composite number?
False
Is 15259 a prime number?
True
Is 313727 a composite number?
False
Is 47839 a prime number?
False
Is 156437 a prime number?
True
Is 12497 composite?
False
Is 168211 composite?
False
Is 1592639 a prime number?
True
Is 24347 prime?
False
Is 32603 prime?
True
Is 2822401 composite?
True
Is 14941 prime?
False
Is 382 a composite number?
True
Is 22189 composite?
False
Is 10306 a composite number?
True
Is 249217 prime?
True
Is 138559 composite?
False
Is 57841 composite?
True
Is 17351 composite?
False
Is 3433 composite?
False
Is 137695 a composite number?
True
Is 378583 prime?
True
Is 402923 a prime number?
True
Is 8663 a composite number?
False
Is 768961 a composite number?
True
Is 1559 a composite number?
False
Is 19369 a composite number?
True
Is 853637 a prime number?
True
Is 33595 prime?
False
Is 274403 a composite number?
False
Is 2429 a prime number?
False
Is 427423 a composite number?
False
Is 40085 prime?
False
Is 40361 prime?
True
Is 43637 prime?
False
Is 59957 a composite number?
False
Is 52483 a prime number?
False
Is 26947 a prime number?
True
Is 4632781 a prime number?
True
Is 8941 prime?
True
Is 32863 a prime number?
False
Is 317 a composite number?
False
Is 186113 composite?
False
Is 477377 a prime number?
False
Is 361 a prime number?
False
Is 63442 a prime number?
False
Is 3151 a prime number?
False
Is 136999 a prime number?
True
Is 3319 a prime number?
True
Is 2657 a composite number?
False
Is 5273 a prime number?
True
Is 600167 a composite number?
False
Is 100211 composite?
True
Is 67169 prime?
True
Is 435313 a prime number?
False
Is 355297 prime?
True
Is 117071 composite?
False
Is 37397 composite?
False
Is 245653 prime?
True
Is 36851 a prime number?
False
Is 420851 composite?
False
Is 123701 a prime number?
True
Is 28321 a composite number?
True
Is 91229 a prime number?
True
Is 136811 prime?
True
Is 38707 a composite number?
False
Is 295151 prime?
False
Is 472313 a prime number?
False
Is 64097 a composite number?
True
Is 382061 prime?
True
Is 16207 a composite number?
True
Is 6843 prime?
False
Is 25349 prime?
True
Is 15401 a composite number?
False
Is 122 a prime number?
False
Is 35201 prime?
True
Is 981637 a composite number?
False
Is 10597 a composite number?
False
Is 6487 prime?
False
Is 43961 a prime number?
True
Is 69841 composite?
True
Is 3547 prime?
True
Is 1151 a prime number?
True
Is 144047 composite?
True
Is 129547 a composite number?
True
Is 12961 a prime number?
False
Is 99079 composite?
False
Is 157299 composite?
True
Is 26669 a prime number?
True
Is 14971 a composite number?
True
Is 35158 composite?
True
Is 158 prime?
False
Is 19471 composite?
False
Is 23113 prime?
False
Is 822517 prime?
True
Is 247691 a composite number?
False
Is 377219 a prime number?
True
Is 5469 composite?
True
Is 4534 a prime number?
False
Is 223543 a composite number?
False
Is 220123 a prime number?
True
Is 116239 prime?
True
Is 36382 a prime number?
False
Is 159493 a prime number?
False
Is 72857 a composite number?
True
Is 213709 prime?
False
Is 37463 composite?
False
Is 83227 a prime number?
True
Is 3449 composite?
False
Is 11897 prime?
True
Is 35537 composite?
False
Is 295111 a composite number?
False
Is 26218 a prime number?
False
Is 94429 a prime number?
False
Is 4443 a prime number?
False
Is 52853 a composite number?
True
Is 307 composite?
False
Is 221353 composite?
True
Is 43213 composite?
True
Is 741991 prime?
True
Is 1318805 a composite number?
True
Is 4073 composite?
False
Is 7477 a prime number?
True
Is 89387 prime?
True
Is 91041 composite?
True
Is 89209 a prime number?
True
Is 19853 a composite number?
False
Is 7613 prime?
False
Is 3659 a composite number?
False
Is 632033 composite?
True
Is 5633 composite?
True
Is 108301 a composite number?
False
Is 327361 a composite number?
True
Is 47737 a composite number?
False
Is 948971 prime?
True
Is 17959 a prime number?
True
Is 361723 composite?
False
Is 21865 a prime number?
False
Is 1709 a prime number?
True
Is 127553 prime?
False
Is 25867 a composite number?
False
Is 3821 a prime number?
True
Is 1343 a prime number?
False
Is 66647 a prime number?
False
Is 453191 composite?
True
Is 321779 a prime number?
True
Is 285101 a prime number?
True
Is 64871 prime?
True
Is 45337 composite?
False
Is 397682 a prime number?
False
Is 58309 composite?
False
Is 145517 composite?
False
Is 10973 a composite number?
False
Is 12841 a composite number?
False
Is 587 composite?
F